1 a multiple of 15?
False
Does 513 divide 1903658?
False
Is 1373 a factor of 6922666?
True
Is 135 a factor of 613694?
False
Does 224 divide 12180448?
True
Is 62040 a multiple of 20?
True
Is 4 a factor of 643507?
False
Is 14 a factor of 3811188?
False
Is 43 a factor of 3902594?
True
Does 14 divide 1579779?
False
Is 249174 a multiple of 18?
True
Does 2 divide 23054?
True
Does 394 divide 12784118?
True
Is 103 a factor of 1908693?
True
Is 4208816 a multiple of 729?
False
Is 91 a factor of 20389460?
True
Is 5 a factor of 140645?
True
Is 12 a factor of 1728658?
False
Does 341 divide 188232?
True
Does 19 divide 480110?
False
Is 228610 a multiple of 19?
False
Is 23647 a multiple of 2?
False
Is 33 a factor of 495?
True
Is 3144000 a multiple of 250?
True
Is 25648 a multiple of 5?
False
Does 51 divide 1072001?
False
Does 31 divide 250976?
True
Is 375 a factor of 225541?
False
Is 9 a factor of 14967?
True
Is 318416 even?
True
Is 5 a factor of 87579?
False
Is 1157961 a multiple of 16?
False
Is 197325 a multiple of 5?
True
Does 2 divide 39120?
True
Is 41 a factor of 10367547?
True
Is 33 a factor of 110831?
False
Is 35 a factor of 846537?
False
Does 26 divide 1332940?
False
Is 1599108 a multiple of 650?
False
Does 1514 divide 913228?
False
Is 8 a factor of 86211?
False
Does 632 divide 36235?
False
Is 25563 a multiple of 3?
True
Is 54087 a multiple of 363?
True
Does 103 divide 61903?
True
Does 198 divide 44352?
True
Is 80040 even?
True
Is 60676 a multiple of 21?
False
Does 8 divide 36552?
True
Is 1375430 a multiple of 802?
True
Is 35704 a multiple of 8?
True
Is 786 a multiple of 13?
False
Is 230940 a multiple of 45?
True
Is 10 a factor of 57931?
False
Is 759396 a multiple of 363?
True
Does 51 divide 87479?
False
Is 127715 a multiple of 41?
True
Does 506 divide 8727488?
True
Is 851058 a multiple of 7?
False
Does 43 divide 1084718?
True
Is 902507 a multiple of 12?
False
Is 75120 a multiple of 24?
True
Is 570 a factor of 656640?
True
Does 3 divide 43578?
True
Is 136624 a multiple of 14?
False
Does 384 divide 134575?
False
Does 7 divide 136948?
True
Does 9 divide 3264051?
False
Does 2 divide 32922?
True
Is 6561720 a multiple of 30?
True
Is 117936 a multiple of 364?
True
Is 61952 a multiple of 64?
True
Is 713480 a multiple of 40?
True
Is 41299 a multiple of 14?
False
Does 37 divide 1445689?
False
Does 57 divide 349798?
False
Does 11 divide 955080?
False
Is 166 a factor of 6905600?
True
Does 63 divide 2778150?
False
Does 692 divide 2714024?
True
Is 579106 a multiple of 121?
True
Is 14 a factor of 788469?
False
Is 12 a factor of 17211?
False
Is 83 a factor of 253658?
False
Does 14 divide 4193994?
True
Is 15 a factor of 4384460?
False
Does 6 divide 206340?
True
Is 32525070 a multiple of 30?
True
Is 1562595 a multiple of 32?
False
Does 29 divide 16965?
True
Does 7 divide 156171?
False
Is 75852 a multiple of 12?
True
Is 164977 a multiple of 9?
False
Is 13412 a multiple of 3?
False
Is 120819 a multiple of 69?
True
Does 701 divide 623890?
True
Is 3066779 a multiple of 236?
False
Does 169 divide 959583?
False
Is 4475295 a multiple of 33?
True
Is 3492748 a multiple of 158?
True
Does 28 divide 410324?
False
Is 6148 a multiple of 23?
False
Is 58 a factor of 1546860?
True
Does 1655 divide 8935345?
True
Is 338 a factor of 6139770?
True
Does 12 divide 1568208?
True
Is 120 a factor of 132240?
True
Is 133644 a multiple of 129?
True
Is 321979 a multiple of 7?
True
Does 128 divide 150657?
False
Is 53 a factor of 576163?
True
Is 2991968 a multiple of 133?
True
Is 6 a factor of 7509?
False
Is 62764 a multiple of 2?
True
Is 410 a factor of 1031560?
True
Is 7750595 a multiple of 385?
False
Does 12 divide 2058800?
False
Is 8 a factor of 8850648?
True
Is 43 a factor of 74906?
True
Is 1004901 a multiple of 11?
False
Is 714141 a multiple of 136?
False
Is 463065 a multiple of 106?
False
Does 7 divide 189792?
False
Is 10 a factor of 762527?
False
Is 3813474 a multiple of 238?
True
Is 152975 a multiple of 37?
False
Is 635956 a multiple of 129?
False
Is 3 a factor of 299371?
False
Is 39 a factor of 73242?
True
Is 1996605 a multiple of 117?
True
Is 19 a factor of 251579?
True
Does 37 divide 98123?
False
Is 211 a factor of 1084329?
True
Is 4013505 a multiple of 45?
True
Is 28633 a multiple of 19?
True
Does 4 divide 29312?
True
Is 41 a factor of 2234830?
False
Does 4 divide 13224?
True
Is 769960 a multiple of 129?
False
Is 571 a factor of 471646?
True
Does 12 divide 110892?
True
Is 8 a factor of 19486?
False
Does 57 divide 90229?
False
Does 723 divide 6627136?
False
Is 296 a factor of 228572?
False
Is 12 a factor of 1682709?
False
Is 71 a factor of 224076?
True
Is 692 a factor of 2122251?
False
Is 204575 a multiple of 210?
False
Does 377 divide 419226?
False
Does 86 divide 639668?
True
Is 14384832 a multiple of 7?
True
Does 31 divide 137896?
False
Does 11 divide 62914?
False
Does 21 divide 332808?
True
Is 644096 a multiple of 8?
True
Is 2697758 a multiple of 8?
False
Is 99 a factor of 3585584?
False
Is 316493 a multiple of 470?
False
Does 599 divide 187934?
False
Does 14 divide 1822282?
True
Is 743164 a multiple of 26?
False
Is 34 a factor of 2022854?
False
Is 1065504 a multiple of 22?
True
Is 1488700 a multiple of 4?
True
Is 3123 a multiple of 20?
False
Is 281 a factor of 12589572?
False
Is 112 a factor of 245840?
True
Is 191 a factor of 6499320?
False
Does 143 divide 10905234?
False
Is 58 a factor of 1809078?
True
Does 8 divide 483921?
False
Is 11 a factor of 1066637?
True
Does 25 divide 1010315?
False
Does 1146 divide 914508?
True
Is 11 a factor of 329020?
False
Is 3771909 a multiple of 801?
True
Does 175 divide 10393867?
False
Does 194 divide 9452?
False
Does 134 divide 292502?
False
Is 2481274 a multiple of 16?
False
Is 185642 a multiple of 160?
False
Is 1097000 a multiple of 500?
True
Is 1452009 a multiple of 30?
False
Does 243 divide 169371?
True
Does 26 divide 1931254?
True
Does 326 divide 1642639?
False
Is 2 a factor of 10605?
False
Is 17 a factor of 691435?
False
Is 26609 a multiple of 208?
False
Does 6 divide 90486?
True
Is 432659 a multiple of 178?
False
Is 62 a factor of 24118?
True
Is 4 a factor of 94935?
False
Is 399510 a multiple of 386?
True
Is 794780 a multiple of 111?
False
Is 161336 a multiple of 134?
True
Does 294 divide 74676?
True
Does 440 divide 454222?
False
Is 12679286 a multiple of 68?
False
Does 22 divide 273900?
True
Does 3 divide 50892?
True
Does 29 divide 1508412?
False
Is 4275 a multiple of 49?
False
Does 13 divide 1358396?
True
Does 5 divide 40885?
True
Does 1299 divide 15634088?
False
Is 8 a factor of 6024320?
True
Does 723 divide 6125979?
True
Does 18 divide 123709?
False
Does 9 divide 898218?
True
Does 32 divide 1564927?
False
Does 16 divide 59560?
False
Is 53 a factor of 84181?
False
Does 25 divide 208500?
True
Is 340600 a multiple of 90?
False
Does 523 divide 361393?
True
Is 9 a factor of 91539?
True
Is 763 a factor of 7227136?
True
Does 99 divide 2370654?
True
Does 131 divide 499372?
True
Is 1714 a factor of 2307044?
True
Is 982424 a multiple of 74?
True
Is 21 a factor of 34881?
True
Is 94 a factor of 8996236?
False
Is 1758645 a multiple of 29?
False
Does 210 divide 618450?
True
Does 321 divide 6928546?
False
Is 1660961 a multiple of 43?
True
Does 16 divide 618461?
False
Is 830182 a multiple of 3?
False
Is 6 a factor of 64854?
True
Is 89 a factor of 8174294?
True
Is 384887 a multiple of 2?
False
Is 2328343 a multiple of 12?
False
Is 75693 a multiple of 23?
True
Is 175320 a multiple of 36?
True
Does 132 divide 40128?
True
Is 43164 a multiple of 87?
False
Is 19 a factor of 2238295?
True
Is 89 a factor of 7047915?
False
Is 131 a factor of 53749?
False
Is 23 a factor of 42691?
False
Is 13 a factor of 139621?
False
Is 81 a factor of 23882993?
False
Is 921348 a multiple of 108?
True
Is 328930 a multiple of 254?
True
Is 804144 a multiple of 111?
False
Is 32334 a multiple of 2?
True
Does 234 divide 2355912?
True
Is 32838 a multiple of 10?
False
Is 32 a factor of 117577?
False
Is 1156 a factor of 18158296?
False
Does 237 divide 13656414?
True
Is 147764 a multiple of 17?
True
Does 86 divide 293346?
True
Does 23 divide 3339048?
True
Is 99 a factor of 174453?
False
Is 275428 a multiple of 148?
True
Is 17 a factor of 494373?
False
Does 51 divide 770253?
True
Does 16